 divisor of 2074 and 5100?
34
Calculate the greatest common divisor of 192 and 9075.
3
Calculate the highest common divisor of 44290 and 98040.
430
Calculate the greatest common divisor of 15000 and 2700.
300
What is the highest common factor of 2578798 and 119?
17
What is the greatest common divisor of 62 and 1637203?
31
Calculate the highest common factor of 6013683 and 1053.
1053
Calculate the greatest common factor of 55438 and 318.
106
What is the greatest common factor of 3938 and 21122?
358
Calculate the greatest common divisor of 2247 and 575874.
321
Calculate the greatest common divisor of 2126 and 298703.
1063
What is the greatest common divisor of 54 and 6947829?
27
What is the highest common divisor of 4350 and 2225?
25
What is the highest common divisor of 3576 and 525?
3
What is the highest common divisor of 11004 and 5682?
6
Calculate the greatest common factor of 108 and 120069.
27
Calculate the highest common factor of 548 and 18693102.
274
What is the greatest common divisor of 149965 and 1780?
445
Calculate the greatest common divisor of 27048 and 1260.
84
Calculate the greatest common divisor of 45430 and 5782.
826
What is the greatest common divisor of 12650 and 110550?
550
What is the greatest common divisor of 15899 and 221?
13
What is the greatest common factor of 2305 and 1013739?
461
Calculate the greatest common divisor of 1246 and 6454.
14
What is the highest common divisor of 5 and 33400?
5
What is the greatest common divisor of 9617677 and 73?
73
Calculate the highest common factor of 999 and 1221.
111
What is the highest common factor of 27472 and 1360?
272
Calculate the greatest common divisor of 5 and 56305.
5
Calculate the greatest common divisor of 7196 and 257.
257
What is the highest common factor of 492429 and 1179?
393
Calculate the highest common divisor of 21507 and 804.
201
What is the greatest common divisor of 158437 and 987?
47
What is the highest common factor of 4387733 and 805?
161
Calculate the greatest common factor of 2032 and 559562.
254
What is the highest common divisor of 118736 and 943?
41
Calculate the greatest common factor of 1380670 and 8080.
1010
Calculate the highest common factor of 477 and 23267.
53
What is the greatest common divisor of 48397 and 3?
1
What is the highest common factor of 115403 and 74?
37
Calculate the greatest common divisor of 252 and 1404396.
252
Calculate the greatest common factor of 6 and 43065.
3
Calculate the greatest common divisor of 12078 and 5632.
22
Calculate the greatest common divisor of 17969 and 52003.
119
Calculate the highest common divisor of 30 and 439980.
30
Calculate the highest common divisor of 175760 and 160.
80
Calculate the greatest common factor of 999 and 23787.
27
What is the highest common factor of 241 and 175689?
241
Calculate the greatest common divisor of 2325 and 505920.
465
Calculate the greatest common factor of 656594 and 1398.
466
What is the highest common factor of 15 and 5049?
3
What is the highest common factor of 20966 and 3?
1
Calculate the highest common factor of 1254 and 3534.
114
Calculate the greatest common divisor of 20 and 2580020.
20
Calculate the greatest common factor of 1771774 and 31.
31
What is the greatest common factor of 133 and 451003?
133
What is the highest common divisor of 10142 and 660?
22
What is the highest common factor of 39395 and 180?
5
What is the greatest common factor of 8736 and 132?
12
What is the greatest common factor of 1540 and 752752?
308
Calculate the highest common divisor of 65296 and 1537.
53
Calculate the highest common factor of 84260 and 1100.
220
What is the highest common divisor of 4778 and 4?
2
Calculate the greatest common factor of 72483 and 3219.
111
Calculate the highest common divisor of 112 and 240338.
14
What is the highest common divisor of 16386 and 33?
3
Calculate the highest common factor of 5840 and 1462336.
1168
Calculate the greatest common divisor of 2791 and 11.
1
What is the greatest common divisor of 250 and 113690?
10
What is the highest common divisor of 62 and 2?
2
Calculate the highest common factor of 253 and 185977.
11
Calculate the greatest common factor of 15834 and 126.
42
What is the greatest common factor of 1079 and 2119?
13
Calculate the greatest common factor of 486 and 65367.
243
What is the highest common divisor of 864 and 31833?
27
What is the highest common divisor of 168280 and 2296?
56
What is the greatest common divisor of 110425 and 1225?
175
What is the greatest common factor of 9666 and 246?
6
What is the greatest common divisor of 18432 and 18?
18
Calculate the highest common factor of 19320 and 5102895.
2415
Calculate the greatest common factor of 455364 and 504.
252
What is the highest common divisor of 11336554 and 1268?
634
Calculate the highest common factor of 436128 and 693.
231
What is the highest common factor of 80570 and 1330?
70
What is the greatest common factor of 113309 and 42?
7
What is the highest common divisor of 5486 and 884?
26
Calculate the greatest common factor of 187288 and 7216.
328
What is the greatest common factor of 6 and 447318?
6
What is the highest common divisor of 25567 and 33859?
691
Calculate the highest common divisor of 11414 and 286.
26
Calculate the highest common factor of 813225 and 30.
15
Calculate the greatest common divisor of 16 and 18332.
4
What is the highest common divisor of 3479 and 5893?
71
What is the greatest common factor of 1210 and 21406?
22
What is the highest common factor of 398 and 591?
1
What is the highest common divisor of 46433 and 13379?
787
What is the greatest common factor of 124435 and 1025?
205
What is the greatest common divisor of 124 and 609956?
124
What is the greatest common factor of 59898 and 447?
447
What is the greatest common factor of 21976 and 2948?
268
Calculate the highest common factor of 4 and 1328.
4
Calculate the greatest common factor of 987054 and 408.
102
What is the greatest common divisor of 3051 and 589521?
339
Calculate the greatest common divisor of 4557 and 6468.
147
What is the greatest common factor of 14360 and 28?
4
Calculate the greatest common divisor of 7657 and 10013.
589
What is the highest common factor of 9568 and 884?
52
What is the highest common divisor of 24425 and 10747?
977
What is the greatest common divisor of 4193 and 5439?
7
What is the greatest common factor of 345 and 87285?
345
What is the highest common divisor of 165504 and 768?
384
Calculate the highest common factor of 51168 and 36.
12
Calculate the greatest common factor of 654 and 4422.
6
Calculate the greatest common divisor of 1035 and 179565.
15
Calculate the greatest common factor of 28469 and 747.
83
What is the highest common divisor of 201 and 41071?
67
Calculate the greatest common divisor of 665 and 117495.
35
Calculate the greatest common factor of 1496 and 68629.
187
Calculate the greatest common factor of 6560 and 4320.
160
Calculate the highest common factor of 898534 and 104.
26
Calculate the greatest common divisor of 64 and 8624.
16
Calculate the highest common factor of 928 and 38.
2
Calculate the greatest common factor of 10625 and 53425.
25
Calculate the highest common divisor of 125 and 495.
5
Calculate the greatest common factor of 77 and 340417.
77
Calculate the highest common divisor of 268 and 16348.
268
Calculate the highest common factor of 148938 and 515.
103
What is the highest common divisor of 13783 and 423514?
1253
What is the greatest common divisor of 726 and 112794?
66
What is the highest common factor of 2444 and 3328?
52
What is the greatest common divisor of 1001 and 99253?
77
What is the greatest common divisor of 4998 and 266?
14
What is the greatest common factor of 934227 and 1323?
189
What is the highest common divisor of 899014 and 428?
214
What is the greatest common divisor of 156 and 42516?
12
Calculate the greatest common factor of 28 and 1101758.
14
What is the highest common factor of 3578816 and 843?
281
What is the greatest common factor of 561 and 1023?
33
Calculate the greatest common divisor of 4 and 1085822.
2
Calculate the greatest common divisor of 11679 and 306.
51
Calculate the greatest common divisor of 82820 and 5330.
410
What is the greatest common factor of 2210186 and 726?
242
Wha